{"id":3813,"date":"2024-02-11T16:54:39","date_gmt":"2024-02-11T16:54:39","guid":{"rendered":"https:\/\/ehz-elektrotechnik.de\/?page_id=3813"},"modified":"2024-05-23T18:14:43","modified_gmt":"2024-05-23T18:14:43","slug":"pruefintervall","status":"publish","type":"page","link":"https:\/\/ehz-elektrotechnik.de\/index.php\/pruefintervall\/","title":{"rendered":"Pr\u00fcfintervall"},"content":{"rendered":"\t\t<div data-elementor-type=\"wp-page\" data-elementor-id=\"3813\" class=\"elementor elementor-3813\" data-elementor-post-type=\"page\">\n\t\t\t\t\t\t<section class=\"elementor-section elementor-top-section elementor-element elementor-element-7c88436 elementor-section-height-min-height elementor-section-boxed elementor-section-height-default elementor-section-items-middle wpr-particle-no wpr-jarallax-no wpr-parallax-no wpr-sticky-section-no\" data-id=\"7c88436\" data-element_type=\"section\" data-settings=\"{&quot;background_background&quot;:&quot;classic&quot;,&quot;_ha_eqh_enable&quot;:false}\">\n\t\t\t\t\t\t\t<div class=\"elementor-background-overlay\"><\/div>\n\t\t\t\t\t\t\t<div class=\"elementor-container elementor-column-gap-default\">\n\t\t\t\t\t<div class=\"elementor-column elementor-col-100 elementor-top-column elementor-element elementor-element-2096162\" data-id=\"2096162\" data-element_type=\"column\">\n\t\t\t<div class=\"elementor-widget-wrap elementor-element-populated\">\n\t\t\t\t\t\t<div class=\"elementor-element elementor-element-b6abb01 elementor-widget elementor-widget-heading\" data-id=\"b6abb01\" data-element_type=\"widget\" data-widget_type=\"heading.default\">\n\t\t\t\t<div class=\"elementor-widget-container\">\n\t\t\t<style>\/*! elementor - v3.21.0 - 20-05-2024 *\/\n.elementor-heading-title{padding:0;margin:0;line-height:1}.elementor-widget-heading .elementor-heading-title[class*=elementor-size-]>a{color:inherit;font-size:inherit;line-height:inherit}.elementor-widget-heading .elementor-heading-title.elementor-size-small{font-size:15px}.elementor-widget-heading .elementor-heading-title.elementor-size-medium{font-size:19px}.elementor-widget-heading .elementor-heading-title.elementor-size-large{font-size:29px}.elementor-widget-heading .elementor-heading-title.elementor-size-xl{font-size:39px}.elementor-widget-heading .elementor-heading-title.elementor-size-xxl{font-size:59px}<\/style><h2 class=\"elementor-heading-title elementor-size-default\">Pr\u00fcfintervall<\/h2>\t\t<\/div>\n\t\t\t\t<\/div>\n\t\t\t\t<div class=\"elementor-element elementor-element-19a776c elementor-widget elementor-widget-text-editor\" data-id=\"19a776c\" data-element_type=\"widget\" data-widget_type=\"text-editor.default\">\n\t\t\t\t<div class=\"elementor-widget-container\">\n\t\t\t<style>\/*! elementor - v3.21.0 - 20-05-2024 *\/\n.elementor-widget-text-editor.elementor-drop-cap-view-stacked .elementor-drop-cap{background-color:#69727d;color:#fff}.elementor-widget-text-editor.elementor-drop-cap-view-framed .elementor-drop-cap{color:#69727d;border:3px solid;background-color:transparent}.elementor-widget-text-editor:not(.elementor-drop-cap-view-default) .elementor-drop-cap{margin-top:8px}.elementor-widget-text-editor:not(.elementor-drop-cap-view-default) .elementor-drop-cap-letter{width:1em;height:1em}.elementor-widget-text-editor .elementor-drop-cap{float:left;text-align:center;line-height:1;font-size:50px}.elementor-widget-text-editor .elementor-drop-cap-letter{display:inline-block}<\/style>\t\t\t\t<p class=\"fusion-title-heading title-heading-center fusion-responsive-typography-calculated\">DGUV V3 DEUTSCHE GESETZLICHE UNFALLVERSICHERUNG<\/p>\t\t\t\t\t\t<\/div>\n\t\t\t\t<\/div>\n\t\t\t\t\t<\/div>\n\t\t<\/div>\n\t\t\t\t\t<\/div>\n\t\t<\/section>\n\t\t\t\t<section class=\"elementor-section elementor-top-section elementor-element elementor-element-5a65e7d elementor-section-boxed elementor-section-height-default elementor-section-height-default wpr-particle-no wpr-jarallax-no wpr-parallax-no wpr-sticky-section-no\" data-id=\"5a65e7d\" data-element_type=\"section\" data-settings=\"{&quot;_ha_eqh_enable&quot;:false}\">\n\t\t\t\t\t\t<div class=\"elementor-container elementor-column-gap-wide\">\n\t\t\t\t\t<div class=\"elementor-column elementor-col-50 elementor-top-column elementor-element elementor-element-f912304 elementor-invisible\" data-id=\"f912304\" data-element_type=\"column\" data-settings=\"{&quot;animation&quot;:&quot;slideInRight&quot;}\">\n\t\t\t<div class=\"elementor-widget-wrap elementor-element-populated\">\n\t\t\t\t\t\t<div class=\"elementor-element elementor-element-7452095 elementor-widget elementor-widget-text-editor\" data-id=\"7452095\" data-element_type=\"widget\" data-widget_type=\"text-editor.default\">\n\t\t\t\t<div class=\"elementor-widget-container\">\n\t\t\t\t\t\t\t<p>Die DGUV Vorschrift 3 Pr\u00fcfung stellt sicher, dass alle in Betrieb befindlichen elektrischen Anlagen und Betriebsmittel funktionsf\u00e4hig und sicher sind. Wenn elektrische Betriebsmittel das Werk des Herstellers verlassen, wird eine Herstellerpr\u00fcfung oder Erstpr\u00fcfung durchgef\u00fchrt. Es pr\u00fcft, ob das Ger\u00e4t funktioniert und sicher ist. Die Dokumentation erfolgt durch Protokolle. Wenn Sie diese Ger\u00e4te beim K\u00e4ufer betreiben wollen, m\u00fcssen Sie dort erste Tests durchf\u00fchren. Dies ist ausreichend, wenn der Pr\u00fcfbericht des Herstellers vorliegt. Elektrische Ger\u00e4te sollten regelm\u00e4\u00dfig wiederholt gepr\u00fcft werden, da sie durch Dauerbetrieb und Transport besch\u00e4digt werden k\u00f6nnen.<\/p>\t\t\t\t\t\t<\/div>\n\t\t\t\t<\/div>\n\t\t\t\t\t<\/div>\n\t\t<\/div>\n\t\t\t\t<div class=\"elementor-column elementor-col-50 elementor-top-column elementor-element elementor-element-81ac780 elementor-hidden-tablet elementor-hidden-mobile elementor-invisible\" data-id=\"81ac780\" data-element_type=\"column\" data-settings=\"{&quot;animation&quot;:&quot;slideInLeft&quot;}\">\n\t\t\t<div class=\"elementor-widget-wrap elementor-element-populated\">\n\t\t\t\t\t\t<div class=\"elementor-element elementor-element-ab191ff elementor-widget elementor-widget-image\" data-id=\"ab191ff\" data-element_type=\"widget\" data-widget_type=\"image.default\">\n\t\t\t\t<div class=\"elementor-widget-container\">\n\t\t\t<style>\/*! elementor - v3.21.0 - 20-05-2024 *\/\n.elementor-widget-image{text-align:center}.elementor-widget-image a{display:inline-block}.elementor-widget-image a img[src$=\".svg\"]{width:48px}.elementor-widget-image img{vertical-align:middle;display:inline-block}<\/style>\t\t\t\t\t\t\t\t\t\t<img fetchpriority=\"high\" decoding=\"async\" width=\"960\" height=\"688\" src=\"https:\/\/ehz-elektrotechnik.de\/wp-content\/uploads\/2023\/10\/hourglass-sandglass-timer-695275-1024x734.jpg\" class=\"attachment-large size-large wp-image-2425\" alt=\"hourglass, sandglass, timer-695275.jpg\" srcset=\"https:\/\/ehz-elektrotechnik.de\/wp-content\/uploads\/2023\/10\/hourglass-sandglass-timer-695275-1024x734.jpg 1024w, https:\/\/ehz-elektrotechnik.de\/wp-content\/uploads\/2023\/10\/hourglass-sandglass-timer-695275-300x215.jpg 300w, https:\/\/ehz-elektrotechnik.de\/wp-content\/uploads\/2023\/10\/hourglass-sandglass-timer-695275-768x551.jpg 768w, https:\/\/ehz-elektrotechnik.de\/wp-content\/uploads\/2023\/10\/hourglass-sandglass-timer-695275.jpg 1280w\" sizes=\"(max-width: 960px) 100vw, 960px\" \/>\t\t\t\t\t\t\t\t\t\t\t\t\t<\/div>\n\t\t\t\t<\/div>\n\t\t\t\t\t<\/div>\n\t\t<\/div>\n\t\t\t\t\t<\/div>\n\t\t<\/section>\n\t\t\t\t<section class=\"elementor-section elementor-top-section elementor-element elementor-element-9be4fd3 elementor-section-boxed elementor-section-height-default elementor-section-height-default wpr-particle-no wpr-jarallax-no wpr-parallax-no wpr-sticky-section-no\" data-id=\"9be4fd3\" data-element_type=\"section\" data-settings=\"{&quot;_ha_eqh_enable&quot;:false}\">\n\t\t\t\t\t\t<div class=\"elementor-container elementor-column-gap-wide\">\n\t\t\t\t\t<div class=\"elementor-column elementor-col-50 elementor-top-column elementor-element elementor-element-58f16d4 elementor-hidden-tablet elementor-hidden-mobile elementor-invisible\" data-id=\"58f16d4\" data-element_type=\"column\" data-settings=\"{&quot;animation&quot;:&quot;slideInLeft&quot;}\">\n\t\t\t<div class=\"elementor-widget-wrap elementor-element-populated\">\n\t\t\t\t\t\t<div class=\"elementor-element elementor-element-182a039 elementor-widget elementor-widget-image\" data-id=\"182a039\" data-element_type=\"widget\" data-widget_type=\"image.default\">\n\t\t\t\t<div class=\"elementor-widget-container\">\n\t\t\t\t\t\t\t\t\t\t\t\t\t<img decoding=\"async\" width=\"547\" height=\"733\" src=\"https:\/\/ehz-elektrotechnik.de\/wp-content\/uploads\/2024\/02\/Bildschirmfoto-2024-02-11-um-17.59.37.png\" class=\"attachment-full size-full wp-image-3823\" alt=\"\" srcset=\"https:\/\/ehz-elektrotechnik.de\/wp-content\/uploads\/2024\/02\/Bildschirmfoto-2024-02-11-um-17.59.37.png 547w, https:\/\/ehz-elektrotechnik.de\/wp-content\/uploads\/2024\/02\/Bildschirmfoto-2024-02-11-um-17.59.37-224x300.png 224w\" sizes=\"(max-width: 547px) 100vw, 547px\" \/>\t\t\t\t\t\t\t\t\t\t\t\t\t<\/div>\n\t\t\t\t<\/div>\n\t\t\t\t\t<\/div>\n\t\t<\/div>\n\t\t\t\t<div class=\"elementor-column elementor-col-50 elementor-top-column elementor-element elementor-element-5133c45 elementor-invisible\" data-id=\"5133c45\" data-element_type=\"column\" data-settings=\"{&quot;animation&quot;:&quot;slideInRight&quot;}\">\n\t\t\t<div class=\"elementor-widget-wrap elementor-element-populated\">\n\t\t\t\t\t\t<div class=\"elementor-element elementor-element-06d6d63 elementor-widget elementor-widget-spacer\" data-id=\"06d6d63\" data-element_type=\"widget\" data-widget_type=\"spacer.default\">\n\t\t\t\t<div class=\"elementor-widget-container\">\n\t\t\t<style>\/*! elementor - v3.21.0 - 20-05-2024 *\/\n.elementor-column .elementor-spacer-inner{height:var(--spacer-size)}.e-con{--container-widget-width:100%}.e-con-inner>.elementor-widget-spacer,.e-con>.elementor-widget-spacer{width:var(--container-widget-width,var(--spacer-size));--align-self:var(--container-widget-align-self,initial);--flex-shrink:0}.e-con-inner>.elementor-widget-spacer>.elementor-widget-container,.e-con>.elementor-widget-spacer>.elementor-widget-container{height:100%;width:100%}.e-con-inner>.elementor-widget-spacer>.elementor-widget-container>.elementor-spacer,.e-con>.elementor-widget-spacer>.elementor-widget-container>.elementor-spacer{height:100%}.e-con-inner>.elementor-widget-spacer>.elementor-widget-container>.elementor-spacer>.elementor-spacer-inner,.e-con>.elementor-widget-spacer>.elementor-widget-container>.elementor-spacer>.elementor-spacer-inner{height:var(--container-widget-height,var(--spacer-size))}.e-con-inner>.elementor-widget-spacer.elementor-widget-empty,.e-con>.elementor-widget-spacer.elementor-widget-empty{position:relative;min-height:22px;min-width:22px}.e-con-inner>.elementor-widget-spacer.elementor-widget-empty .elementor-widget-empty-icon,.e-con>.elementor-widget-spacer.elementor-widget-empty .elementor-widget-empty-icon{position:absolute;top:0;bottom:0;left:0;right:0;margin:auto;padding:0;width:22px;height:22px}<\/style>\t\t<div class=\"elementor-spacer\">\n\t\t\t<div class=\"elementor-spacer-inner\"><\/div>\n\t\t<\/div>\n\t\t\t\t<\/div>\n\t\t\t\t<\/div>\n\t\t\t\t<div class=\"elementor-element elementor-element-ef60728 elementor-widget elementor-widget-text-editor\" data-id=\"ef60728\" data-element_type=\"widget\" data-widget_type=\"text-editor.default\">\n\t\t\t\t<div class=\"elementor-widget-container\">\n\t\t\t\t\t\t\t<div class=\"fusion-layout-column fusion_builder_column fusion-builder-column-8 fusion_builder_column_1_2 1_2 fusion-flex-column fusion-flex-align-self-center fusion-animated\" data-animationtype=\"fadeInRight\" data-animationduration=\"1.7\" data-animationoffset=\"top-into-view\"><div class=\"fusion-column-wrapper fusion-column-has-shadow fusion-flex-justify-content-center fusion-content-layout-column\"><div class=\"fusion-text fusion-text-2\"><p>Das Pr\u00fcfintervall h\u00e4ngt grunds\u00e4tzlich davon ab, wie st\u00f6ranf\u00e4llig das Ger\u00e4t ist. Ist der Mangel bereits erkannt oder die Ausr\u00fcstung veraltet, erh\u00f6ht sich nat\u00fcrlich das Risikopotenzial. Grundlage f\u00fcr die Festlegung des Pr\u00fcfintervalls ist die Risikobeurteilung. Nat\u00fcrlich werden auch die Art der Installation, die Art des Betriebs und der Ausr\u00fcstung, das Alter und die Umgebung ber\u00fccksichtigt. Diese bestimmt die sogenannte \u201eFehlerquote\u201c. Wenn diese weniger als 2 % betr\u00e4gt, k\u00f6nnen Sie das Testintervall verl\u00e4ngern. F\u00fcr die Pr\u00fcfung ortsver\u00e4nderlicher elektrischer Betriebsmittel in Geb\u00e4uden und Werkst\u00e4tten gilt das einj\u00e4hrige Pr\u00fcfintervall, f\u00fcr Pr\u00fcfstellen die zweij\u00e4hrige Frist. F\u00fcr ortsfeste elektrische Anlagen gelten bis zu 4 Jahre.<\/p><p>Bei einem Betriebsunfall, Unfall oder Schaden verk\u00fcrzt sich das ECheck-Intervall. Ortsver\u00e4nderliche elektrische Betriebsmittel werden in der Regel alle 6 Monate gepr\u00fcft. Bei M\u00e4ngeln, sehr h\u00e4ufigem Transport oder h\u00e4ufigem Gebrauch betr\u00e4gt die Frist 3 Monate. Sie k\u00f6nnen die Frist auch verl\u00e4ngern, wenn die M\u00e4ngel rechtzeitig behoben werden und der Betrieb reibungslos verl\u00e4uft.<\/p><p>Ergibt die DGUV V3-Pr\u00fcfung, dass die Arbeiten ordnungsgem\u00e4\u00df ausgef\u00fchrt wurden und das Ger\u00e4t einer normalen Beanspruchung ausgesetzt ist, k\u00f6nnen Sie das Pr\u00fcfintervall verl\u00e4ngern. Somit ist die Pr\u00fcfung mobiler elektrischer Betriebsmittel flexibel und betriebssicher.<\/p><\/div><\/div><\/div>\t\t\t\t\t\t<\/div>\n\t\t\t\t<\/div>\n\t\t\t\t\t<\/div>\n\t\t<\/div>\n\t\t\t\t\t<\/div>\n\t\t<\/section>\n\t\t\t\t<\/div>\n\t\t","protected":false},"excerpt":{"rendered":"<p>Contact Us We pride ourselves on our collaborative operating model that brings clients into the process. About Company Journal Approach Careers Products Platform New IT App Prototype API Resources Services IT Resources Pricing Payments Support Contact Us Sign Up Help Desk 2021 All Rights Reserved. Terms and conditions.<\/p>\n","protected":false},"author":1,"featured_media":0,"parent":0,"menu_order":0,"comment_status":"closed","ping_status":"closed","template":"elementor_canvas","meta":{"_eb_attr":"","footnotes":""},"_links":{"self":[{"href":"https:\/\/ehz-elektrotechnik.de\/index.php\/wp-json\/wp\/v2\/pages\/3813"}],"collection":[{"href":"https:\/\/ehz-elektrotechnik.de\/index.php\/wp-json\/wp\/v2\/pages"}],"about":[{"href":"https:\/\/ehz-elektrotechnik.de\/index.php\/wp-json\/wp\/v2\/types\/page"}],"author":[{"embeddable":true,"href":"https:\/\/ehz-elektrotechnik.de\/index.php\/wp-json\/wp\/v2\/users\/1"}],"replies":[{"embeddable":true,"href":"https:\/\/ehz-elektrotechnik.de\/index.php\/wp-json\/wp\/v2\/comments?post=3813"}],"version-history":[{"count":26,"href":"https:\/\/ehz-elektrotechnik.de\/index.php\/wp-json\/wp\/v2\/pages\/3813\/revisions"}],"predecessor-version":[{"id":4599,"href":"https:\/\/ehz-elektrotechnik.de\/index.php\/wp-json\/wp\/v2\/pages\/3813\/revisions\/4599"}],"wp:attachment":[{"href":"https:\/\/ehz-elektrotechnik.de\/index.php\/wp-json\/wp\/v2\/media?parent=3813"}],"curies":[{"name":"wp","href":"https:\/\/api.w.org\/{rel}","templated":true}]}}